 t(i).
2, 29
Suppose o + 18 = -2*v, 1 = v - 2. Let y = 41 - o. Suppose -y = -0*a - 5*a. What are the prime factors of a?
13
Suppose -3*o - 2*p = -14, -o - 2*p + 6*p + 14 = 0. List the prime factors of ((-9)/o - -1)*1*-254.
127
Let z be 20/50 - 706/(-10). Suppose 3*r - 4*w - z = 54, 0 = 3*r + 2*w - 95. List the prime factors of r.
5, 7
Suppose -u - 30 = v - 6*v, 3*v - 40 = 5*u. Suppose -v*g + 32 = t, 4*t - 4*g = -g + 36. What are the prime factors of t?
2, 3
List the prime factors of (16 + 30/(-5))/((-2)/(-38)).
2, 5, 19
Suppose 27 - 7 = -5*t. Let o(v) = -v**2 - 7*v - 10. Let m be o(t). Suppose 3*f + 5*b = 43 + 61, m*b + 10 = 0. What are the prime factors of f?
43
Suppose 58 = 5*t - 3*h + 18, 4*t - 30 = 2*h. Suppose l + t*m - 20 = -3*l, 3*l - 15 = -4*m. Suppose -l*w + 36 = -14. List the prime factors of w.
2, 5
Let l = 86 + -82. What are the prime factors of -1 - 6/l*80/(-24)?
2
Suppose i = -4*i + 4*x + 1681, -2*x = 4*i - 1324. List the prime factors of i.
3, 37
Let g(k) = 4*k**2 - 3*k - 11. List the prime factors of g(6).
5, 23
Let y(p) be the second derivative of -p**3/6 + p**2 + p. Let q be y(4). What are the prime factors of (-4)/q*45/10?
3
Suppose 7664 = 3*s + 7*w - 1034, 0 = s - 4*w - 2874. List the prime factors of s.
2, 5, 17
Let s = 854 + 50. List the prime factors of s.
2, 113
Let z(v) = -15*v - 2. Let i be z(-2). Suppose -4*c - i = -200. List the prime factors of c.
43
Let m = 14 + -25. Let u = 62 + m. List the prime factors of u.
3, 17
Let y(l) = l**3 + 6*l**2 - 44*l - 3. List the prime factors of y(-9).
2, 3, 5
Let d be (-1)/10*6 - 196/(-10). Suppose -d*b = -15*b - 520. List the prime factors of b.
2, 5, 13
Let l(k) = -3*k + 283 - 288 + 3*k**3 - 2*k**3. What are the prime factors of l(6)?
193
Let x be -1*(-10)/2 + (-4 - -1). Suppose -3*h + 5 = x*h - 2*v, -25 = -5*v. List the prime factors of h.
3
Let h(n) = -2*n**3 + n**2 - 6*n - 5. Let q be h(-2). List the prime factors of 10/(-135)*-30 + (-6)/q.
2
Let r be ((-1)/(-1) - 4) + 3/1. Let y(c) = 5*c + 3. Let p be y(3). Suppose 0 = 3*a + 6, 2*s + 2*a - p = -r*s. What are the prime factors of s?
11
Let d(n) = -2*n**3 + 36*n**2 + 6*n - 39. What are the prime factors of d(18)?
3, 23
Let q(n) be the third derivative of n**6/60 + n**4/12 - n**3/6 - 4*n**2. Let g be q(1). List the prime factors of g*((-2)/6 - -3).
2
Suppose 3*a + 4*i = 5*i + 71, -4*a + 98 = -3*i. Suppose -25*z + 70 = -a*z. What are the prime factors of z?
5, 7
Let w(t) = -t**2 + 10*t + 2. Let a be w(10). Suppose a*c = 5*o - 133, 5*c = 2*c - 5*o - 187. Let y = -21 - c. What are the prime factors of y?
43
Let f = -28 + 29. List the prime factors of 9/(f - 52/64).
2, 3
Let d(b) = -16*b. Let t be d(-4). Suppose -z + 3*h + 2*h = -t, -4*h = -12. Suppose k - 57 = -2*n, -k = k - 3*n - z. What are the prime factors of k?
47
Let u(s) = -s**3 - 3*s**2 + 2*s - 6. Let c be 3/((-6)/(-10) + 0). Suppose 3*i = 4*i + c. What are the prime factors of u(i)?
2, 17
Let p(a) = 49*a - 167. What are the prime factors of p(14)?
3, 173
Suppose 1 = w - 2*m - 7, -w = 5*m + 6. Suppose -3*g + 4*a + 130 = 0, a = -w*g + 2*a + 195. List the prime factors of g.
2, 5
Suppose 5*n - 5402 = b, 2*b = -3 - 1. What are the prime factors of n?
2, 3, 5
Let d be (-2)/(-9) + 180/(-81). What are the prime factors of (-2 - d) + (2 - -66)?
2, 17
Let p(u) be the second derivative of -3*u + 4/3*u**3 - 9/2*u**2 + 1/6*u**4 + 0. What are the prime factors of p(-7)?
3, 11
Suppose -3*d + 97 = -4*k + 2114, 0 = 2*k + 4*d - 1014. What are the prime factors of k?
5, 101
Suppose 3*k + 4 = 2*u - 11, -3*k = 9. Suppose -u*p - 27 = -102. What are the prime factors of p?
5
Suppose -4*w = -0 - 12. Suppose -x = -5*d + 434, -w*d + 192 = 2*x - 71. Let l = -41 + d. What are the prime factors of l?
2, 23
Let m = 13 - 10. Let n(v) = 29*v - 4*v - 12*v - 16 + m. List the prime factors of n(6).
5, 13
Suppose -m - 3*u = -5*u - 100, -5*m + 507 = -3*u. Let i = 125 - m. List the prime factors of i.
23
Let z = 6 + -3. Let b = 150 - 55. Suppose -y - 45 = -3*d + 16, 5*d = z*y + b. What are the prime factors of d?
2, 11
Let u(v) = 8*v**2 + 2*v - 107. What are the prime factors of u(10)?
23, 31
Let u(b) = 4*b**2 + 12*b + 16. List the prime factors of u(-13).
2, 67
Let t(l) = l**3 + 38*l**2 - 118*l + 71. List the prime factors of t(-40).
37, 43
Let d(h) = -h**2 - 7*h - 7. Let o be d(-5). Let b(k) = -o*k + 3*k**2 - 5 + 4 - 4 - 3*k. List the prime factors of b(-3).
2, 5
Suppose 4*s = 8*s + 2*g - 6, 2*s - 3*g = 23. Let x be ((-34)/(-51))/(s/54). Let r = x - -16. What are the prime factors of r?
5
Let k = -6347 + 9041. List the prime factors of k.
2, 3, 449
Let v(k) = 228*k + 247. List the prime factors of v(9).
11, 19
Suppose 0 = 2*x + 3 - 11. Suppose d + x = 8. Suppose 4*w - u + 36 = 316, 3*w + d*u - 210 = 0. What are the prime factors of w?
2, 5, 7
Let j(h) = 4*h**2 + h + 4. Let o(l) = -l**3 + l**2 + l - 4. Let g be o(0). Let i be (g + -3 + 10)/(-1). List the prime factors of j(i).
37
Let v = 33 + -30. Suppose -h = 2*s - 466, 0 = s - v*h + 4*h - 233. List the prime factors of s.
233
Let v(y) = 91*y - 347. What are the prime factors of v(5)?
2, 3
Suppose 0 = -8*s + 3*s + 25. Suppose -21 = -s*u + 2*u. Let i(o) = o**2 - 4*o - 6. List the prime factors of i(u).
3, 5
Let f = 18 + 1. Let y = -28 + f. Let j(r) = r**2 + 5*r - 7. List the prime factors of j(y).
29
Suppose 0 = -36*c + 38*c - 362. Let x = c + -13. List the prime factors of x.
2, 3, 7
Suppose -3*c = 2*c - 125. Let u = c + 8. Suppose 3*r = 2*r + u. List the prime factors of r.
3, 11
Let z = -397 - -466. Suppose -u + 1 = 2. What are the prime factors of (z - u) + 8/(-4)?
2, 17
Suppose -3*p - p + 240 = 0. Suppose -l = -4*l + p. Let m = 51 - l. What are the prime factors of m?
31
Let y(h) = h**3 - 15*h**2 - 16*h - 3. Let o be y(16). Let l be 5 + (-8 - -3 - o). Suppose -2*a + l*q - 24 = -80, 54 = a + 5*q. What are the prime factors of a?
2, 17
Let v(q) be the first derivative of q**4/4 + 4*q**3/3 + 2*q - 11. List the prime factors of v(-4).
2
Suppose 0*h + 69 = 3*h. Suppose h = 4*y - 69. Suppose y + 16 = 3*s. List the prime factors of s.
13
Suppose -4*g = -8*g + 3*m + 3352, 4*g - 3360 = m. Suppose -449 = -6*r + g. What are the prime factors of r?
5, 43
Let g be -3*(-5)/(75/(-10)). Let m(h) = -4*h**2 + 10*h**2 + 5*h**2. List the prime factors of m(g).
2, 11
Let x = 27 - 24. Suppose 38 = 3*s - 4*r - 16, 3*s + x*r - 33 = 0. Suppose -l + 7 = -s. What are the prime factors of l?
3, 7
Suppose 6*r + 2*v - 108 = 4*r, -2*v + 214 = 4*r. Suppose 6*s - r = 43. Let n = -1 + s. List the prime factors of n.
3, 5
Suppose -32*w + 34*w + 372 = h, h + 4*w = 390. List the prime factors of h.
2, 3, 7
Let p = -155 + 166. List the prime factors of p.
11
Suppose 3*l + c - 12606 = 0, -11*l + 12*l = -5*c + 4188. What are the prime factors of l?
3, 467
Suppose 0 = g + 4*z - 0*z - 152, -2*g - 3*z = -284. Suppose 2*o - g - 54 = 0. List the prime factors of o.
5, 19
Suppose 3252 = 4*a - m, -a + 651 = 4*m - 179. List the prime factors of a.
2, 11, 37
Let d be 15*15/27 + (-1)/3. List the prime factors of 4 - d - (2 - 23).
17
Let r be 2/7 + 1258/7. Suppose -5*x = 3*n - 38, -n - 3*x + 26 = 2*x. Suppose 2*y = n*y - r. List the prime factors of y.
3, 5
Let p(i) = i**3 - 14*i**2 - 26*i + 23. What are the prime factors of p(19)?
2, 23, 29
Let l be (-176)/(-5) + (-1)/5. Let o = -33 + l. What are the prime factors of o?
2
Let z = 21 + -19. Suppose 0 = 3*x + o + z - 10, 2*o - 13 = -3*x. What are the prime factors of (x/(-3))/((-6)/414)?
23
Let h = 15 + -18. Let t(x) = -5*x**3 + x**2 + 2*x - 2. Let a be t(h). Let u = -77 + a. What are the prime factors of u?
59
Suppose 5*i + u - 16 = -2, -i = -u - 4. Suppose 3*n - 303 = -4*c, 72 - 390 = -i*n + c. What are the prime factors of n?
3, 5, 7
Suppose 5*y + a = -a + 6, -4*y + 4*a = -16. Suppose -109 = -y*n - 3*o, 2*o - 1 = o. What are the prime factors of n?
53
Let m(p) = -p**2 + 50*p - 88. List the prime factors of m(24).
2, 67
Let k = 495 - 296. List the prime factors of k.
199
Suppose -b = -5*b + 8. Suppose 0 = x - 6*x + 745. Suppose 3*f = 3*j + 102, 5*f + b*j - x = -0*j. List the prime factors of f.
31
Suppose 0 = q + 4*q - 480. Suppose -3*g - 2*z = -47 - 215, 5*z - q = -g. What are the prime factors of g?
2, 43
Suppose 13*n - 3*w = 11*n + 5004, -w =